 + 42. What is the tens digit of u?
3
Let q be (7/4)/((-4)/(-16)). Suppose 3*i + 571 = -5*p, 3*p + 2*i = q*p + 448. Let v = -67 - p. What is the units digit of v?
6
Let g(n) = 6*n + 7. Suppose 0 = l - q + 2*q, l + 3*q = -10. What is the tens digit of g(l)?
3
Let g(q) = -15*q + 7 + 0 + q**3 + 9*q**2 - 2*q**3. What is the units digit of g(6)?
5
What is the units digit of (117/104*148)/((-2)/(-36))?
7
Suppose -9 = z - 4*z, -4*t - 2*z + 17094 = 0. What is the tens digit of t?
7
Let b(a) = -34*a - 2. Let i be b(-3). Suppose -j = -p - 2*p + i, 2*p = 2*j + 64. Suppose -53 = -5*n - 2*z, 3*n + 4*z - p = n. What is the units digit of n?
9
What is the units digit of (628/(-16))/((-1)/(-2 + 14))?
1
Suppose 11*i - 953 = 4008. What is the hundreds digit of i?
4
Let q = -31 - -43. What is the tens digit of (16/q)/(392/195 + -2)?
3
Let x be ((-88)/(-6))/((-2)/(-3)). Suppose -x + 98 = 4*c. Let m = -11 + c. What is the units digit of m?
8
Let b = 244 + -107. What is the units digit of b?
7
Suppose -5437 = -15*c + 3023. What is the tens digit of c?
6
Suppose 33*q - 1270 = 38*q. What is the units digit of (-3)/(-6) + q/(-4)?
4
Suppose 1 = 4*o - 3*o. Suppose u + 0*u = -4*s - o, -3*u = -s - 10. Let p = s + 4. What is the units digit of p?
3
Suppose 778 = 4*k + 5*d, d + 593 = 3*k - 0*d. What is the tens digit of k?
9
Suppose 3*p = 2*j + 23, -51 = -5*p - 0*p - 3*j. What is the units digit of p/6*(4 + (-498)/(-9))?
9
Let t(k) = -278*k - 190. What is the hundreds digit of t(-4)?
9
Suppose -7*h + 2261 + 560 = 0. What is the units digit of h?
3
Suppose 0*r + 451 = j - 5*r, -2*r + 2 = 0. What is the units digit of j?
6
Suppose 0 = 3*p - 2*o - 374, -15 - 229 = -2*p - 4*o. Let x = -3 + p. What is the units digit of x?
1
Let f be (42/(-35))/(2/(-700)). Suppose -10*i - f = -16*i. What is the units digit of i?
0
Let l be (-3)/(-3*2/4). Suppose 78*n = 83*n - 1020. Suppose 0 = -5*i - 2*a + n, l*i - 72 = 6*a - 2*a. What is the units digit of i?
0
Suppose 2*t - 4*t + 106 = o, 3*t - 5*o - 172 = 0. Let f be (-8)/(-3)*t/24. Suppose f*a - 155 = a. What is the tens digit of a?
3
Let q(c) = 2*c**3 - 35*c**2 + 25*c - 16. Let a(g) = g**3 - 18*g**2 + 12*g - 8. Let t(j) = -5*a(j) + 3*q(j). What is the units digit of t(14)?
6
Let t(c) be the first derivative of 26*c**3/3 + 3*c**2/2 - 5*c - 6. Let q be t(2). Suppose 3*p + q = 7*p - z, -3*z = 4*p - 101. What is the tens digit of p?
2
Let x(p) = 2*p**3 + 3*p**2 - 4*p - 4. Let m(r) = -r**2 - 9*r + 7. Let a be m(-10). Let o be x(a). Let k(u) = u**2 + 17*u - 19. What is the tens digit of k(o)?
1
Let v = 5636 - 2394. What is the units digit of v?
2
Let h(b) = b + 6. Let n be h(-6). Suppose -3*p + 476 = 4*z, 3*z - 352 = -p - n*p. Suppose -64 = -5*f + z. What is the units digit of f?
6
Let v = 2754 + -2392. What is the tens digit of v?
6
Let k(w) = 411*w**2 - 14*w - 3. What is the tens digit of k(-2)?
6
Let v = 100 - 100. Suppose v*c + 495 = 5*c. What is the tens digit of c?
9
Let g(t) = 482*t - 183. What is the thousands digit of g(3)?
1
Suppose 0 = -63*s - 13389 + 45267. What is the units digit of s?
6
Let d(j) = -j**3 - j**2 + 2*j - 36. Let n be d(0). What is the tens digit of (-1464)/n*6/4?
6
Let s(q) = 10*q**2 + 2*q - 1. Let j be s(-4). Suppose -g + 3*l = -j, 6 = -3*l - 0. What is the hundreds digit of g?
1
Suppose 2*g + 83 - 315 = 0. Let c = g + 6. What is the units digit of c?
2
Let o = 54 + -12. What is the units digit of o*(-3)/(-12)*6?
3
Let x(b) = 3*b**2 - 17*b + 9. Let f(c) = 21*c**2 - 120*c + 63. Let d(a) = 4*f(a) - 27*x(a). Suppose -o = 3*o - 32. What is the tens digit of d(o)?
3
Let p = 1257 + -779. What is the hundreds digit of p?
4
Let g(p) = p**2 - 2*p + 76. What is the units digit of g(25)?
1
Let z(k) = -k**3 - 5*k**2 - 6*k - 6. Let n = 36 + -41. What is the tens digit of z(n)?
2
What is the tens digit of (-3 - 39/(-12)) + 5769/12?
8
Let k(j) = -117*j - 42. Let a be k(-7). Suppose -9*v + 2*v = -a. What is the hundreds digit of v?
1
Suppose -5*o + 9 = -4*w, -3*o + 5 = 5*w - 30. Suppose 2*l - l + 38 = 2*n, -w*l = 8. What is the tens digit of n?
1
Suppose -257 = 2*r - 837. Suppose -3*c = -c - r. What is the hundreds digit of c?
1
Let q(l) = l**2 - 11*l + 37. What is the tens digit of q(-12)?
1
Let t be 2 - 4/(-6)*78. Suppose -t + 463 = 4*x + 5*b, 2*b - 103 = -x. Suppose -5 = 3*m - x. What is the units digit of m?
2
Let t(g) be the third derivative of g**5/60 + g**4/6 - 7*g**3/3 + 14*g**2. Let d be (-46)/(-8) - (-2)/8. What is the units digit of t(d)?
6
Let b(y) = y**2 + 5*y + 6. Let s be b(-5). Suppose 5*o = -5*m + 70, m + 70 = s*m - 2*o. Suppose -w + m = -4. What is the tens digit of w?
1
Let r be (-1 + 0)/((-5)/25). Suppose -4*s + r*u = s - 520, 4*s = u + 410. What is the tens digit of s?
0
Suppose -11*n + 18 = -5*n. Suppose -3*k = 2*c + c - 300, -468 = -5*c + n*k. What is the tens digit of c?
9
Suppose 771 = -3*x - 6*s + s, 5*x = -4*s - 1272. What is the tens digit of 5/15*(-3 - x)?
8
Suppose 3*x + 4*a = 2*a + 17, 4*a = 16. Suppose x*y + y - 380 = 0. What is the units digit of y?
5
Suppose -4*m + 16 = 0, m = -2*l - l - 197. What is the units digit of (0 + l/(-3))*3?
7
Let x be (-9)/(-6)*(-10)/15. What is the tens digit of (11/x)/(-3 - 152/(-52))?
4
Let m = 23 - -191. Suppose -5*c - 3*s + m - 56 = 0, 5*c - 151 = 4*s. What is the tens digit of c?
3
Suppose 0 = 6*w - 2*w + s - 1036, -3*w + 5*s = -800. What is the hundreds digit of w?
2
Let i(u) = -u**2 - 2*u + 5. Let p be i(-3). What is the units digit of (60 - (-2)/p)/1?
1
Suppose -24*p = -23*p - 1. What is the tens digit of 3/(-3)*((p - 0) + -85)?
8
Let v(i) = i**2 - 9*i - 54. Suppose -22 = -49*o + 48*o. What is the tens digit of v(o)?
3
Let n = -610 + 655. What is the tens digit of n?
4
Suppose -3*q = -5*q + 2164. What is the thousands digit of q?
1
Let v = -3550 - -5073. What is the tens digit of v?
2
Let k = 53 - -524. What is the tens digit of k?
7
Let g(x) = -10*x - 5. Let c be g(-14). Suppose 4*f - c - 317 = 0. What is the units digit of f?
3
Let j(v) = -7*v**2 + 2*v. Let y(k) = 6*k**2 - 2*k. Let n(q) = 5*j(q) + 6*y(q). Suppose 3*u - 10 = g, 0 = -8*u + 3*u + 25. What is the tens digit of n(g)?
1
Let n(w) = 15*w**2 - 12*w**2 + 44 + 3*w - 2*w. What is the units digit of n(0)?
4
Let h = -636 + 366. Suppose 4*i - 3*w + 6*w - 30 = 0, -4*i + w + 22 = 0. What is the units digit of (-4)/i*h/12?
5
Let i = -749 + 1183. Suppose 3*v - i = 409. What is the tens digit of v?
8
Let p be 3060/70 - (-4)/14. What is the units digit of p/2*(-7)/(-16 - -2)?
1
Let z(k) = 42*k + 7. Let l be z(-5). Let u = l + 309. What is the tens digit of u?
0
Suppose 0 = -7*s - 169 + 477. What is the tens digit of s?
4
Suppose -4*b - 3 = 9. What is the units digit of (b - -12)/1*6?
4
Let i(g) = -g**3 + 6*g**2 + 6*g + 10. Let o be i(7). Let m(p) = -23*p - 5. Let l be m(-1). Suppose -6*x + o*x = -l. What is the units digit of x?
6
Let d(i) = -1 + 4*i + 5 - 1 + 4*i**2 - 3*i**2. Let v be d(-3). What is the tens digit of 23 - 3 - (v + 1)?
1
Let q(b) = -6*b - 51. Let m be q(-12). What is the units digit of m*(1 + 42/9)?
9
Suppose 7*h - 17 = 109. Suppose -h + 13 = -r. What is the units digit of r?
5
Suppose 0 = -61*w + 121872 + 38497. What is the thousands digit of w?
2
Let h be -1 - ((-9 - -12) + (-1 - -1)). What is the hundreds digit of -3 - 1 - (-184 + h + 2)?
1
Let m = 6 + 17. Suppose 5*b + 128 = m. Let p = b - -36. What is the tens digit of p?
1
Let p = 205 + 363. What is the hundreds digit of p?
5
What is the units digit of (120/(-150))/((-1)/265)?
2
Suppose -n - 3*b + 3955 = 0, -n + 1997 + 1963 = 2*b. What is the tens digit of n?
7
Suppose 5*w + 2*s - 69 = 0, -61 = -5*w - 0*s + 2*s. Let y = w - 18. Let g = 17 - y. What is the tens digit of g?
2
Let m = -1360 - -3469. What is the tens digit of m?
0
Let i = 946 - 455. What is the hundreds digit of i?
4
Let w = -117 + 125. What is the units digit of w?
8
Let o be 1725/(-105) - (-3)/7. Let a(g) = 7 + g + 3 + 12. What is the units digit of a(o)?
6
Let t = 127 - 87. Suppose -16*z = -14*z - t. What is the tens digit of z?
2
Let o be 1 + -4 - (0 + -2). Let z(m) = 142*m**2 - m. What is the hundreds digit of z(o)?
1
Let n be (-2 + 3 + -1)/(-3). Suppose 0*b - 2 = b, 5*h + 3*b - 69 = n. Let t = 20 + h. What is the tens digit of t?
3
Let c(n) = 8*n + 60. What is the units